. Let r be z(-9). Suppose -g - 5*y - r = 0, 3*y - 6*y = 12. Let w be 4 - g/8*-482. What is the greatest common factor of w and 35?
35
Suppose -7*d + 2*d = 0. Let p(c) = -c + 77. Let r be p(d). Let y = -1092 - -1106. What is the greatest common divisor of r and y?
7
Suppose 2*w + 3*m = 45, -7*w = -9*w - 4*m + 50. Calculate the highest common divisor of 435 and w.
15
Suppose 0 = -4*a + 3*g - 7*g + 36, 50 = 4*a - 3*g. Suppose -31 - a = -6*n. Let r be 642/18 + 2/(-3). What is the greatest common factor of n and r?
7
Let c = -5358 + 5561. Calculate the highest common divisor of 2175 and c.
29
Let i = -346 - -341. Let c be (-9)/(-60)*68 - (-1)/i. Calculate the greatest common divisor of c and 15.
5
Let v(x) = x**3 + 3*x**2 - 2*x - 1. Let b be v(-3). Let h be 4/7 - ((-603)/(-63) + -10). Let y = h + b. Calculate the greatest common factor of 18 and y.
6
Let w be (58507/66)/(20/40) - (-6)/99. Calculate the greatest common divisor of 18 and w.
9
Let w be 14 - -5 - (-22)/2. Calculate the highest common factor of w and 220.
10
Let s(h) = 9*h**2 + 49*h + 7. Let c(p) = 4*p**2 + 24*p + 3. Let m(v) = -5*c(v) + 2*s(v). Let u be m(-9). Calculate the greatest common divisor of u and 20.
5
Let g be 3/(-2 - (-105)/48). Suppose 3*a + 14 = -4*n, -1 = -3*n + 2. Let m be (-4)/(-1) - (a + 6)/14. What is the highest common divisor of g and m?
4
Suppose 2*q - 6 = 16. Suppose -2440 = -2*a - 3*a. Suppose 5*d = a + 117. What is the greatest common divisor of d and q?
11
Let m = 96 - 91. Suppose 5*c - 75 = -2*t, -5*t + 6*c = m*c - 228. Calculate the greatest common factor of t and 35.
5
Let k = -15379 + 15651. What is the highest common divisor of k and 578?
34
Let a be -8 - (-132 + (-10 - -14)). Calculate the highest common factor of a and 180.
60
Suppose 281*b - 1954 = 10975 + 4493. What is the highest common divisor of 4526 and b?
62
Let z = 425 - 412. Suppose 2534 = z*q - 157. What is the highest common factor of 9 and q?
9
Suppose 332 = -c + 343. Suppose 2*n - 67 - c = 0. What is the highest common divisor of 208 and n?
13
Let u = -2 + 4. Suppose c - 12 = -u*c. Let v(q) = q**3 - 154*q**2 + 21*q - 3224. Let l be v(154). What is the greatest common divisor of c and l?
2
Suppose -3*n + 255 = -567. Let s be (n/(-6) + 3)*21/(-14). Calculate the highest common factor of s and 8.
8
Let a be (-144)/(-42)*(13 + 1). Let g be (-122)/(-18) - 4/(-18) - 3. Suppose -n + 2 + g = 0. Calculate the highest common factor of n and a.
6
Let n = 27 - -43. Suppose -7*o + 91 - 114 = -72. What is the highest common divisor of n and o?
7
Let r(i) = -i**3 - 4*i**2 + 15*i + 53. Let t(f) = -9*f - 24. Let q be t(-2). Let z be r(q). Calculate the highest common divisor of z and 1015.
35
Let z(v) = v**2 - v + 42. Let m be z(0). Let y = m - -10. Let c = 56 - y. Calculate the greatest common divisor of c and 8.
4
Suppose 0*a - 4*a + 72 = 0. Suppose 14*o - 25*o = -132. Suppose -o = -7*f + 30. What is the highest common divisor of f and a?
6
Suppose -6*l + 12 = -3*l. Let j(z) = -l - 1 - z**2 - z - 5*z - z**3 + 11*z**2. Let w be j(9). Calculate the highest common factor of 66 and w.
22
Let a = -9349 - -9355. Calculate the highest common divisor of a and 27.
3
Let m(y) = -13*y**2 + 4*y + 1. Let w be m(3). Let q(i) = -179*i + 437. Let f be q(3). Let r = f - w. What is the highest common factor of 10 and r?
2
Suppose 2*y - 2*c = 62, -10 - 79 = -3*y - c. Suppose -4*w + 91 = 6*h - 149, -3*h = -5*w - 15. Calculate the greatest common factor of y and h.
30
Let d = 2830 + -2798. Calculate the greatest common factor of d and 12.
4
Let j be ((-1)/2)/(10/4) + 136364/20. What is the greatest common divisor of j and 14?
14
Suppose -5*b - 11 = -4*q - 18, b = 2*q - 7. Calculate the highest common divisor of 4011 and b.
7
Suppose 0 = 3*h - 3*m + 212 - 299, -4*m = -5*h + 139. Let o be 2/4*(0 - -2). What is the greatest common factor of o and h?
1
Let q = 148 - 143. Suppose 5*r - 8*z + 7*z - 467 = 0, -q*r - 4*z = -482. Calculate the highest common factor of r and 1222.
94
Let a(x) = -758*x + 6865. Let q be a(9). Let g(i) = -i**3 - 3*i**2 + i + 4. Let n be g(-3). Calculate the greatest common factor of n and q.
1
Suppose 0 = 3*c + 3, -2 = -p - 5*c + 13. Let w(a) = 0 - 5 - p + 7*a + 4. Let i be w(15). What is the highest common factor of i and 12?
12
Let a be (-18)/(-120)*8 - 4/(-5). Suppose -20 - 23 = -3*f - a*g, 0 = -3*f + 5*g + 71. Calculate the highest common divisor of 629 and f.
17
Suppose 0 = -2*v + 109 + 89. Suppose 5*x - 2*w - 54 + 15 = 0, 4*w = -4*x + 48. Calculate the highest common divisor of x and v.
9
Let y(l) = 13911*l**2 - 34*l - 37. Let i be y(-1). What is the highest common factor of 36 and i?
12
Let d(w) = 4*w**2 + 2*w - 5. Let v be d(-3). Let o = v - 28. Let r be 77 - ((4 - -1) + o). What is the greatest common divisor of 15 and r?
15
Let v = -40908 - -53063. What is the greatest common factor of 34 and v?
17
Suppose 44 = z - 5*f, -z + 92 = 3*z + f. Let c = 220 - 229. Let p be (-2)/c + 2288/396. What is the greatest common divisor of p and z?
6
Suppose -t + 1120 = 9*t. Suppose 13 + t = 5*y. What is the greatest common divisor of 25 and y?
25
Suppose 0 = 4*o + 2*x - 1344, 462 = -2*o + 5*x + 1134. What is the highest common divisor of o and 912?
48
Suppose -c - 121 = -166. Suppose -2*i + 53 + 7 = 0. Calculate the greatest common factor of i and c.
15
Let h(u) = 3*u - 30. Suppose -m + 4*b - 9*b - 5 = 0, -2*m + 10 = 5*b. Let a be h(m). Suppose y = -y + 120. What is the greatest common divisor of a and y?
15
Let x(l) be the first derivative of -l**3 - 9*l**2/2 + 76. Let m be x(-2). What is the highest common divisor of 18 and m?
6
Let h be (1/(-2))/((-1)/20). Let s be (-2)/(2 + (-168)/78). Suppose -s*k + 20 = -9*k. What is the greatest common factor of k and h?
5
Let t be -12 - (-1000 - -5 - -4). Calculate the highest common divisor of t and 2047.
89
Let u be 1*6 - (-2)/(-2). Suppose q - 9 - 8 = -u*p, 0 = 5*q + 15. Let g = 63 - 53. What is the highest common divisor of p and g?
2
Let s be ((-435)/(-116))/((15/(-1710))/(4/(-6))). Calculate the highest common factor of s and 60.
15
Let w be 21*9/(-27) - -237*10/15. Calculate the greatest common divisor of 30955 and w.
151
Suppose 4*i - 5*f - 327 = 7*i, 2*f + 108 = -i. Let z = i - -128. What is the greatest common divisor of z and 56?
14
Let u(v) = -v**3 - 10*v**2 + 8*v - 29. Let l be u(-11). Suppose l*j - 14 + 6 = 0. What is the greatest common factor of 2 and j?
2
Let i(n) = 2*n - 2. Let a be i(3). Let b be (16/20)/(a/10). What is the highest common factor of 22 and b?
2
Let y(c) = 3*c**2 + 73*c - 40. Let g be y(-25). Suppose 4*r - 100 = -p, -9*r = -11*r + g. Calculate the highest common divisor of p and 360.
40
Let k = 4420 - 4276. Calculate the greatest common factor of k and 2088.
72
Let f = 5250 - 3125. Calculate the highest common divisor of 17 and f.
17
Let s = 21 - 5. Let j(h) = h**2 + 11*h - 124. Let a be j(7). Calculate the greatest common factor of a and s.
2
Let q(x) = 13 - 8*x + 7*x - 20*x + 5. Let p be q(-1). What is the greatest common factor of p and 52?
13
Let u(h) = -h**2 - 36*h - 16. Let i be u(-36). Let b(q) = q**2 - 8*q - 7. Let o be b(i). Calculate the greatest common factor of o and 29.
29
Let v(h) = -21*h**3 - h**2 + 4*h + 13. Let g(p) = -p**3 + 7*p**2 - 10*p + 22. Let s be g(6). Let i be v(s). What is the highest common factor of 39 and i?
13
Let v = 438 + -402. Let z(n) = n**3 - 11*n**2 + 20*n - 6. Let j be z(9). Calculate the greatest common divisor of j and v.
12
Suppose 0 = -6*f - 276 + 12. Let v be 5 - f/(-12) - (-1)/(-3). Let i be 9 + (v - 1 - -3). Calculate the greatest common divisor of i and 48.
12
Suppose 0 = 4*o - 5*s - 11, 9*o - 4*s + 20 = 13*o. Let g be 850/6 + o/(-15)*-5. What is the highest common divisor of 13 and g?
13
Suppose 21 = 2*i - 5*o, -i - 22 + 5 = 3*o. Let v be 5 + i + (-17 - -25). What is the highest common factor of v and 11?
11
Let m(c) = 24*c - 25. Let u be (20/6)/(116/174). Let o be m(u). What is the highest common factor of 5 and o?
5
Let a = 46075 - 30846. What is the highest common factor of a and 97?
97
Let c = 5 + -59. Let l = c - -28. Let n = l + 29. What is the greatest common factor of 3 and n?
3
Suppose -14*d + 1106 = -0*d. Let x = d - -26. Let i = 195 - 125. Calculate the greatest common diviso